11, 11981
List the prime factors of 6857192.
2, 547, 1567
List the prime factors of 2941793.
181, 16253
List the prime factors of 1455522.
2, 3, 367, 661
List the prime factors of 157329.
3, 5827
What are the prime factors of 64715?
5, 7, 43
What are the prime factors of 1263747?
3, 19, 22171
List the prime factors of 1549769.
13, 97, 1229
What are the prime factors of 127212?
2, 3, 10601
List the prime factors of 20956150.
2, 5, 283, 1481
List the prime factors of 18644815.
5, 7, 532709
List the prime factors of 2356016.
2, 13, 47, 241
What are the prime factors of 18356325?
3, 5, 13, 67, 281
What are the prime factors of 415470?
2, 3, 5, 11, 1259
What are the prime factors of 289012?
2, 72253
What are the prime factors of 4547198?
2, 2273599
What are the prime factors of 239847?
3, 31, 2579
List the prime factors of 338173.
11, 71, 433
List the prime factors of 2573021.
11, 233911
What are the prime factors of 321249?
3, 17, 6299
List the prime factors of 14683043.
37, 41, 9679
What are the prime factors of 6849542?
2, 7, 41, 11933
List the prime factors of 4808737.
4808737
List the prime factors of 5011900.
2, 5, 50119
What are the prime factors of 9987216?
2, 3, 208067
List the prime factors of 210497.
7, 30071
What are the prime factors of 152325?
3, 5, 677
List the prime factors of 957842.
2, 41, 11681
What are the prime factors of 211948?
2, 11, 4817
What are the prime factors of 364970?
2, 5, 36497
List the prime factors of 14163299.
14163299
List the prime factors of 1148967.
3, 127663
List the prime factors of 8703224.
2, 1087903
What are the prime factors of 29628077?
4649, 6373
List the prime factors of 2858033.
61, 46853
What are the prime factors of 92304?
2, 3, 641
List the prime factors of 1492482.
2, 3, 41, 6067
What are the prime factors of 116305?
5, 7, 3323
List the prime factors of 6245259.
3, 23, 90511
What are the prime factors of 18494?
2, 7, 1321
What are the prime factors of 1318642?
2, 13, 41, 1237
What are the prime factors of 3105957?
3, 311, 3329
List the prime factors of 977728.
2, 15277
List the prime factors of 5523126.
2, 3, 7, 107, 1229
What are the prime factors of 5679128?
2, 7, 13, 29, 269
List the prime factors of 7686041.
11, 63521
What are the prime factors of 1357548?
2, 3, 29, 47, 83
What are the prime factors of 1268436?
2, 3, 13, 47, 173
List the prime factors of 3089023.
7, 607, 727
List the prime factors of 415227.
3, 61, 2269
What are the prime factors of 916970?
2, 5, 47, 1951
What are the prime factors of 1389228?
2, 3, 115769
List the prime factors of 194873.
7, 41, 97
What are the prime factors of 190886?
2, 95443
List the prime factors of 5506761.
3, 13, 141199
What are the prime factors of 110720?
2, 5, 173
List the prime factors of 96868.
2, 61, 397
List the prime factors of 908277.
3, 302759
List the prime factors of 102499.
102499
What are the prime factors of 124277?
124277
What are the prime factors of 20462611?
13, 17, 53, 1747
What are the prime factors of 8159013?
3, 906557
What are the prime factors of 211297?
211297
What are the prime factors of 26757442?
2, 13378721
List the prime factors of 340009.
23, 14783
What are the prime factors of 72322?
2, 36161
What are the prime factors of 8642971?
47, 307, 599
What are the prime factors of 3529342?
2, 1764671
List the prime factors of 10620740.
2, 5, 13, 40849
List the prime factors of 6663679.
11, 605789
List the prime factors of 4755578.
2, 2377789
What are the prime factors of 1109246?
2, 151, 3673
What are the prime factors of 7161604?
2, 1790401
What are the prime factors of 703063?
73, 9631
What are the prime factors of 736846?
2, 11, 33493
List the prime factors of 316233.
3, 41, 857
List the prime factors of 2262624.
2, 3, 7, 13, 37
List the prime factors of 404788.
2, 101197
What are the prime factors of 11269144?
2, 131, 10753
List the prime factors of 21738656.
2, 679333
List the prime factors of 1930237.
1930237
List the prime factors of 4217268.
2, 3, 11, 43, 743
List the prime factors of 4796349.
3, 43, 37181
What are the prime factors of 274352?
2, 13, 1319
List the prime factors of 315640.
2, 5, 13, 607
What are the prime factors of 381641?
13, 31, 947
List the prime factors of 666624.
2, 3, 7, 31
List the prime factors of 5309211.
3, 1769737
List the prime factors of 628428.
2, 3, 52369
List the prime factors of 6321211.
13, 486247
List the prime factors of 11195846.
2, 461, 12143
List the prime factors of 433531.
7, 61933
What are the prime factors of 595061?
19, 31319
List the prime factors of 45615.
3, 5, 3041
List the prime factors of 3191259.
3, 19, 55987
List the prime factors of 3632989.
3632989
List the prime factors of 2228983.
2228983
List the prime factors of 4934938.
2, 43, 57383
What are the prime factors of 3501494?
2, 1750747
List the prime factors of 152981.
152981
What are the prime factors of 756048?
2, 3, 19, 829
What are the prime factors of 1902602?
2, 13, 433
What are the prime factors of 491551?
149, 3299
What are the prime factors of 1493343?
3, 19, 41, 71
What are the prime factors of 19553015?
5, 787, 4969
List the prime factors of 3467200.
2, 5, 11, 197
List the prime factors of 336684.
2, 3, 28057
List the prime factors of 2846733.
3, 23, 41257
List the prime factors of 4841687.
4841687
List the prime factors of 3214132.
2, 53, 15161
What are the prime factors of 2029436?
2, 507359
What are the prime factors of 3660333?
3, 251, 4861
What are the prime factors of 2299440?
2, 3, 5, 11, 13, 67
What are the prime factors of 15561600?
2, 3, 5, 1621
List the prime factors of 220068.
2, 3, 6113
What are the prime factors of 292013?
43, 6791
What are the prime factors of 31688985?
3, 5, 83, 25453
What are the prime factors of 392383?
392383
List the prime factors of 615372.
2, 3, 19, 2699
What are the prime factors of 930?
2, 3, 5, 31
What are the prime factors of 253873?
127, 1999
What are the prime factors of 14894?
2, 11, 677
List the prime factors of 22984502.
2, 1999, 5749
List the prime factors of 526464.
2, 3, 457
List the prime factors of 10459541.
10459541
List the prime factors of 2639348.
2, 29, 61, 373
What are the prime factors of 1048648?
2, 19, 6899
List the prime factors of 9283142.
2, 11, 509, 829
List the prime factors of 19189.
31, 619
What are the prime factors of 63372?
2, 3, 5281
List the prime factors of 1872178.
2, 7, 11, 12157
List the prime factors of 682837.
31, 22027
What are the prime factors of 1001948?
2, 107, 2341
List the prime factors of 233061.
3, 77687
What are the prime factors of 1751602?
2, 41, 521
What are the prime factors of 525295?
5, 31, 3389
What are the prime factors of 244953?
3, 17, 1601
List the prime factors of 34736.
2, 13, 167
What are the prime factors of 4838254?
2, 2419127
List the prime factors of 174025.
5, 6961
List the prime factors of 371478.
2, 3, 101, 613
What are the prime factors of 6603859?
419, 15761
What are the prime factors of 169942?
2, 31, 2741
What are the prime factors of 17749?
17749
List the prime factors of 139048.
2, 7, 13, 191
List the prime factors of 1163502.
2, 3, 37, 1747
What are the prime factors of 14844?
2, 3, 1237
List the prime factors of 212679.
3, 7877
What are the prime factors of 872564?
2, 7, 11, 2833
List the prime factors of 742888.
2, 92861
What are the prime factors of 297544?
2, 13, 2861
List the prime factors of 457124.
2, 114281
What are the prime factors of 199412?
2, 49853
What are the prime factors of 8822916?
2, 3, 19, 12899
What are the prime factors of 2824443?
3, 73, 1433
List the prime factors of 3704475.
3, 5, 49393
What are the prime factors of 87849?
3, 43, 227
List the prime factors of 887010.
2, 3, 5, 29567
List the prime factors of 781623.
3, 28949
What are the prime factors of 3468490?
2, 5, 346849
List the prime factors of 4849237.
19, 31, 8233
List the prime factors of 1006511.
11, 37, 2473
List the prime factors of 212350.
2, 5, 31, 137
List the prime factors of 1380462.
2, 3, 230077
What are the prime factors of 1067668?
2, 7, 17, 2243
List the prime factors of 594581.
13, 45737
What are the prime factors of 18010339?
18010339
What are the prime factors of 231210?
2, 3, 5, 7, 367
List the prime factors of 367566.
2, 3, 61261
What are the prime factors of 620421?
3, 206807
What